eds digit of 3331810319?
3
What is the millions digit of 75838243?
5
What is the units digit of 44765158?
8
What is the units digit of 647562647?
7
What is the hundred millions digit of 496428791?
4
What is the billions digit of 8858475627?
8
What is the millions digit of 4427788593?
7
What is the ten millions digit of 3225875459?
2
What is the units digit of 3708794297?
7
What is the ten millions digit of 106021329?
0
What is the millions digit of 1591250597?
1
What is the ten thousands digit of 1388406436?
0
What is the millions digit of 174949876?
4
What is the ten millions digit of 1485075448?
8
What is the thousands digit of 1103430712?
0
What is the ten millions digit of 72246222?
7
What is the hundred thousands digit of 2812439573?
4
What is the hundred millions digit of 4691133248?
6
What is the hundred thousands digit of 570489436?
4
What is the units digit of 49286815?
5
What is the thousands digit of 246205304?
5
What is the thousands digit of 550060443?
0
What is the thousands digit of 7234908509?
8
What is the millions digit of 285302915?
5
What is the tens digit of 118884827?
2
What is the hundreds digit of 5396995216?
2
What is the ten millions digit of 4128524831?
2
What is the tens digit of 477129898?
9
What is the hundred thousands digit of 1757731398?
7
What is the units digit of 206977523?
3
What is the ten thousands digit of 157216602?
1
What is the hundreds digit of 84527803?
8
What is the ten thousands digit of 393009205?
0
What is the hundred millions digit of 4183160473?
1
What is the ten thousands digit of 196525171?
2
What is the hundred thousands digit of 22580444?
5
What is the tens digit of 469303414?
1
What is the units digit of 5214718177?
7
What is the units digit of 2235906412?
2
What is the hundreds digit of 11285909?
9
What is the units digit of 631768140?
0
What is the millions digit of 1058411202?
8
What is the hundred thousands digit of 459107752?
1
What is the billions digit of 1208096744?
1
What is the units digit of 89272817?
7
What is the hundred thousands digit of 1233792735?
7
What is the thousands digit of 50775878?
5
What is the millions digit of 1280976570?
0
What is the ten millions digit of 438721866?
3
What is the tens digit of 7110467627?
2
What is the millions digit of 29989198?
9
What is the ten thousands digit of 322407820?
0
What is the hundreds digit of 56052990?
9
What is the hundred millions digit of 7589580163?
5
What is the hundreds digit of 594397743?
7
What is the tens digit of 901281028?
2
What is the hundred millions digit of 3902399236?
9
What is the hundreds digit of 5154409208?
2
What is the ten thousands digit of 411904?
1
What is the ten thousands digit of 345825553?
2
What is the thousands digit of 156870068?
0
What is the units digit of 5304352538?
8
What is the hundred millions digit of 5040197863?
0
What is the hundreds digit of 519646076?
0
What is the ten thousands digit of 546390780?
9
What is the units digit of 4109110602?
2
What is the units digit of 94105005?
5
What is the hundred millions digit of 3293280701?
2
What is the hundreds digit of 30779162?
1
What is the millions digit of 2632353439?
2
What is the ten thousands digit of 1171265654?
6
What is the ten thousands digit of 17246366?
4
What is the tens digit of 2674410089?
8
What is the hundreds digit of 3179262087?
0
What is the units digit of 165758296?
6
What is the hundred thousands digit of 1568459740?
4
What is the hundred millions digit of 160607386?
1
What is the ten millions digit of 2419792757?
1
What is the millions digit of 354117975?
4
What is the units digit of 43875795?
5
What is the hundreds digit of 525016229?
2
What is the thousands digit of 6489020?
9
What is the millions digit of 368948247?
8
What is the ten thousands digit of 310725460?
2
What is the tens digit of 29991888?
8
What is the ten millions digit of 725480401?
2
What is the tens digit of 296900648?
4
What is the hundred thousands digit of 6321085869?
0
What is the hundred thousands digit of 78183704?
1
What is the hundred thousands digit of 19634833?
6
What is the tens digit of 245301092?
9
What is the hundred millions digit of 1428497739?
4
What is the tens digit of 4931323811?
1
What is the ten thousands digit of 544560570?
6
What is the millions digit of 7645324?
7
What is the units digit of 98366069?
9
What is the units digit of 66366029?
9
What is the millions digit of 2646206?
2
What is the ten thousands digit of 49771250?
7
What is the units digit of 1137470527?
7
What is the thousands digit of 483428060?
8
What is the units digit of 371630792?
2
What is the units digit of 78864376?
6
What is the hundreds digit of 60445886?
8
What is the ten thousands digit of 70375015?
7
What is the hundred thousands digit of 35728318?
7
What is the ten thousands digit of 3958951419?
5
What is the ten thousands digit of 23366389?
6
What is the millions digit of 298667566?
8
What is the hundred millions digit of 233182795?
2
What is the ten millions digit of 68782973?
6
What is the billions digit of 3931685761?
3
What is the thousands digit of 96174323?
4
What is the tens digit of 2630064484?
8
What is the ten millions digit of 82685032?
8
What is the millions digit of 54900479?
4
What is the tens digit of 66601192?
9
What is the hundred thousands digit of 87411409?
4
What is the units digit of 135595728?
8
What is the hundred thousands digit of 453497959?
4
What is the units digit of 35639144?
4
What is the hundred millions digit of 149524662?
1
What is the millions digit of 949442010?
9
What is the millions digit of 48695815?
8
What is the hundreds digit of 76252284?
2
What is the ten millions digit of 1257637709?
5
What is the ten thousands digit of 52194742?
9
What is the hundred thousands digit of 31176146?
1
What is the hundred thousands digit of 211595962?
5
What is the millions digit of 2618990657?
8
What is the units digit of 704809484?
4
What is the hundreds digit of 357383244?
2
What is the units digit of 152723639?
9
What is the ten millions digit of 28861838?
2
What is the thousands digit of 114805297?
5
What is the ten millions digit of 47658259?
4
What is the units digit of 92610350?
0
What is the tens digit of 950298974?
7
What is the tens digit of 61460745?
4
What is the ten millions digit of 987463372?
8
What is the units digit of 633196147?
7
What is the ten millions digit of 390698734?
9
What is the hundred millions digit of 3194952278?
1
What is the hundreds digit of 803586594?
5
What is the hundreds digit of 116334021?
0
What is the hundred thousands digit of 3887621?
8
What is the hundred thousands digit of 86356365?
3
What is the hundred thousands digit of 499212550?
2
What is the thousands digit of 964647?
4
What is the tens digit of 56029531?
3
What is the tens digit of 471030806?
0
What is the millions digit of 166236490?
6
What is the ten millions digit of 3187358065?
8
What is the ten thousands digit of 4571594747?
9
What is the millions digit of 4938025?
4
What is the millions digit of 1152154481?
2
What is the units digit of 2229998308?
8
What is the ten millions digit of 1240261493?
4
What is the ten thousands digit of 441787588?
8
What is the ten millions digit of 91511973?
9
What is the ten thousands digit of 1659692210?
9
What is the ten thousands digit of 47872013?
7
What is the tens digit of 1252580571?
7
What is the hundred thousands digit of 128206408?
2
What is the hundred thousands digit of 209690650?
6
What is the millions digit of 329937976?
9
What is the hundred millions digit of 198447466?
1
What is the units digit of 1466615?
5
What is the millions digit of 111091857?
1
What is the hundred thousands digit of 1884576162?
5
What is the millions digit of 219771020?
9
What is the ten millions digit of 131091165?
3
What is the hundred millions digit of 251441668?
2
What is the hundreds digit of 96537019?
0
What is the thousands digit of 566425731?
5
What is the billions digit of 1194115035?
1
What is the hundred thousands digit of 4231877558?
8
What is the thousands digit of 41158739?
8
What is the units digit of 2707487410?
0
What is the hundred thousands digit of 854582537?
5
What is the hundreds digit of 120850019?
0
What is the millions digit of 220072002?
0
What is the hundred thousands di